{"id":9,"date":"2026-04-14T13:47:53","date_gmt":"2026-04-14T13:47:53","guid":{"rendered":"https:\/\/bauspazio.santisomarketing.com\/?page_id=9"},"modified":"2026-04-14T20:29:43","modified_gmt":"2026-04-14T20:29:43","slug":"home","status":"publish","type":"page","link":"https:\/\/bauspazio.santisomarketing.com\/","title":{"rendered":"Home"},"content":{"rendered":"\t\t<div data-elementor-type=\"wp-post\" data-elementor-id=\"9\" class=\"elementor elementor-9\" data-elementor-post-type=\"page\">\n\t\t\t\t<div class=\"elementor-element elementor-element-c1ceec1 e-con-full hero-video e-flex e-con e-parent\" data-id=\"c1ceec1\" data-element_type=\"container\" data-e-type=\"container\" data-settings=\"{&quot;background_background&quot;:&quot;video&quot;,&quot;background_video_link&quot;:&quot;https:\\\/\\\/bauspazio.santisomarketing.com\\\/wp-content\\\/uploads\\\/2026\\\/04\\\/horizontal-obra-nueva-de-lujo.mp4&quot;}\">\n\t\t<div class=\"elementor-background-video-container elementor-hidden-mobile\">\n\t\t\t\t\t\t\t<video class=\"elementor-background-video-hosted\" role=\"presentation\" autoplay muted playsinline loop><\/video>\n\t\t\t\t\t<\/div>\t\t<div class=\"elementor-element elementor-element-4f52c50 elementor-widget elementor-widget-heading\" data-id=\"4f52c50\" data-element_type=\"widget\" data-e-type=\"widget\" data-widget_type=\"heading.default\">\n\t\t\t\t\t<h1 class=\"elementor-heading-title elementor-size-default\">Proyectos inmobiliarios de lujo\n<\/h1>\t\t\t\t<\/div>\n\t\t\t\t<div class=\"elementor-element elementor-element-85876ae elementor-widget elementor-widget-text-editor\" data-id=\"85876ae\" data-element_type=\"widget\" data-e-type=\"widget\" data-widget_type=\"text-editor.default\">\n\t\t\t\t\t\t\t\t\t<p>Especialistas en construcci\u00f3n, rehabilitaci\u00f3n y reformas integrales con m\u00e1s de 15 a\u00f1os de experiencia<\/p>\t\t\t\t\t\t\t\t<\/div>\n\t\t\t\t<div class=\"elementor-element elementor-element-77d7601 elementor-align-center elementor-widget elementor-widget-button\" data-id=\"77d7601\" data-element_type=\"widget\" data-e-type=\"widget\" data-widget_type=\"button.default\">\n\t\t\t\t\t\t\t\t\t\t<a class=\"elementor-button elementor-button-link elementor-size-sm\" href=\"https:\/\/www.bauspazio.com\/contacto\">\n\t\t\t\t\t\t<span class=\"elementor-button-content-wrapper\">\n\t\t\t\t\t\t\t\t\t<span class=\"elementor-button-text\">Pide Presupuesto<\/span>\n\t\t\t\t\t<\/span>\n\t\t\t\t\t<\/a>\n\t\t\t\t\t\t\t\t<\/div>\n\t\t\t\t<\/div>\n\t\t<div class=\"elementor-element elementor-element-7c9ffd6 e-con-full e-flex e-con e-parent\" data-id=\"7c9ffd6\" data-element_type=\"container\" data-e-type=\"container\" data-settings=\"{&quot;background_background&quot;:&quot;classic&quot;}\">\n\t\t<div class=\"elementor-element elementor-element-e45c71f e-flex e-con-boxed e-con e-child\" data-id=\"e45c71f\" data-element_type=\"container\" data-e-type=\"container\">\n\t\t\t\t\t<div class=\"e-con-inner\">\n\t\t\t\t<div class=\"elementor-element elementor-element-bbc8c68 elementor-widget elementor-widget-heading\" data-id=\"bbc8c68\" data-element_type=\"widget\" data-e-type=\"widget\" data-widget_type=\"heading.default\">\n\t\t\t\t\t<h2 class=\"elementor-heading-title elementor-size-default\">Reformas de alto standing en Catalu\u00f1a:<br>\nel arte de reinterpretar el home living\n<\/h2>\t\t\t\t<\/div>\n\t\t\t\t<div class=\"elementor-element elementor-element-eba4e52 elementor-widget elementor-widget-text-editor\" data-id=\"eba4e52\" data-element_type=\"widget\" data-e-type=\"widget\" data-widget_type=\"text-editor.default\">\n\t\t\t\t\t\t\t\t\t<p>Barcelona y Catalu\u00f1a han experimentado una evoluci\u00f3n constante en el panorama de la arquitectura residencial y comercial, marcando tendencia en la demanda de espacios exclusivos, sofisticados y totalmente personalizados.<\/p>\t\t\t\t\t\t\t\t<\/div>\n\t\t\t\t<div class=\"elementor-element elementor-element-8bc123d elementor-widget elementor-widget-text-editor\" data-id=\"8bc123d\" data-element_type=\"widget\" data-e-type=\"widget\" data-widget_type=\"text-editor.default\">\n\t\t\t\t\t\t\t\t\t<p>Este tipo de intervenciones expresan un estilo de vida, un grado de exigencia y una mirada est\u00e9tica que se orienta hacia lo sensorial y lo atemporal. Zonas como Pedralbes, Sarri\u00e0-Sant Gervasi, el Eixample o localidades en el Maresme y el Empord\u00e0 forman el n\u00facleo de esta demanda, impulsada por clientes espa\u00f1oles, catalanes, europeos y especialmente personas de origen chino con alto poder adquisitivo, que valoran la calidad sin concesiones. En este entorno, la intervenci\u00f3n debe ser ejecutada por profesionales que comprendan el lenguaje arquitect\u00f3nico del lujo y tambi\u00e9n sepan traducir ideas abstractas en realidades tangibles, recurriendo a materiales nobles, iluminaci\u00f3n cuidada y distribuciones estrat\u00e9gicas.<\/p>\t\t\t\t\t\t\t\t<\/div>\n\t\t\t\t<div class=\"elementor-element elementor-element-b92354e elementor-widget elementor-widget-heading\" data-id=\"b92354e\" data-element_type=\"widget\" data-e-type=\"widget\" data-widget_type=\"heading.default\">\n\t\t\t\t\t<h2 class=\"elementor-heading-title elementor-size-default\">La exclusividad en las reformas de alto standing\n<\/h2>\t\t\t\t<\/div>\n\t\t\t\t<div class=\"elementor-element elementor-element-ef9bf37 elementor-widget elementor-widget-text-editor\" data-id=\"ef9bf37\" data-element_type=\"widget\" data-e-type=\"widget\" data-widget_type=\"text-editor.default\">\n\t\t\t\t\t\t\t\t\t<p>Los proyectos realizados por Bauspazio son una oda a la coherencia espacial: integran arquitectura, dise\u00f1o interior y ejecuci\u00f3n en una misma visi\u00f3n sin fisuras.<\/p>\t\t\t\t\t\t\t\t<\/div>\n\t\t\t\t\t<\/div>\n\t\t\t\t<\/div>\n\t\t\t\t<\/div>\n\t\t<div class=\"elementor-element elementor-element-bef6c77 e-con-full e-flex e-con e-parent\" data-id=\"bef6c77\" data-element_type=\"container\" data-e-type=\"container\" data-settings=\"{&quot;background_background&quot;:&quot;classic&quot;}\">\n\t\t<div class=\"elementor-element elementor-element-6127fb6 e-flex e-con-boxed e-con e-child\" data-id=\"6127fb6\" data-element_type=\"container\" data-e-type=\"container\">\n\t\t\t\t\t<div class=\"e-con-inner\">\n\t\t<div class=\"elementor-element elementor-element-d3bc8e2 e-con-full e-flex e-con e-child\" data-id=\"d3bc8e2\" data-element_type=\"container\" data-e-type=\"container\">\n\t\t<div class=\"elementor-element elementor-element-1aa6a90 e-con-full bg-scale e-flex e-con e-child\" data-id=\"1aa6a90\" data-element_type=\"container\" data-e-type=\"container\" data-settings=\"{&quot;background_background&quot;:&quot;classic&quot;}\">\n\t\t\t\t<div class=\"elementor-element elementor-element-9e666c8 elementor-widget elementor-widget-heading\" data-id=\"9e666c8\" data-element_type=\"widget\" data-e-type=\"widget\" data-widget_type=\"heading.default\">\n\t\t\t\t\t<h3 class=\"elementor-heading-title elementor-size-default\">Proyectos inmobiliarios de lujo<\/h3>\t\t\t\t<\/div>\n\t\t\t\t<div class=\"elementor-element elementor-element-337ffc2 elementor-widget elementor-widget-text-editor\" data-id=\"337ffc2\" data-element_type=\"widget\" data-e-type=\"widget\" data-widget_type=\"text-editor.default\">\n\t\t\t\t\t\t\t\t\t<p>Los proyectos inmobiliarios de lujo adquieren una dimensi\u00f3n que trasciende la est\u00e9tica, se trata de vivir en espacios lujosos que reflejan qui\u00e9n eres.<\/p>\t\t\t\t\t\t\t\t<\/div>\n\t\t\t\t<\/div>\n\t\t<div class=\"elementor-element elementor-element-9423eb6 e-con-full e-flex e-con e-child\" data-id=\"9423eb6\" data-element_type=\"container\" data-e-type=\"container\" data-settings=\"{&quot;background_background&quot;:&quot;classic&quot;}\">\n\t\t\t\t<div class=\"elementor-element elementor-element-02ca51a elementor-widget elementor-widget-heading\" data-id=\"02ca51a\" data-element_type=\"widget\" data-e-type=\"widget\" data-widget_type=\"heading.default\">\n\t\t\t\t\t<h3 class=\"elementor-heading-title elementor-size-default\">Reformas de viviendas<\/h3>\t\t\t\t<\/div>\n\t\t\t\t<div class=\"elementor-element elementor-element-c76e22d elementor-widget elementor-widget-text-editor\" data-id=\"c76e22d\" data-element_type=\"widget\" data-e-type=\"widget\" data-widget_type=\"text-editor.default\">\n\t\t\t\t\t\t\t\t\t<p>Reformas de viviendas en Barcelona y Catalu\u00f1a con dise\u00f1o exclusivo, materiales nobles y atenci\u00f3n artesanal a cada detalle.<\/p>\t\t\t\t\t\t\t\t<\/div>\n\t\t\t\t<\/div>\n\t\t\t\t<\/div>\n\t\t<div class=\"elementor-element elementor-element-98cc8be e-con-full e-flex e-con e-child\" data-id=\"98cc8be\" data-element_type=\"container\" data-e-type=\"container\">\n\t\t<div class=\"elementor-element elementor-element-2d9650d e-con-full e-flex e-con e-child\" data-id=\"2d9650d\" data-element_type=\"container\" data-e-type=\"container\" data-settings=\"{&quot;background_background&quot;:&quot;classic&quot;}\">\n\t\t\t\t<div class=\"elementor-element elementor-element-666a34a elementor-widget elementor-widget-heading\" data-id=\"666a34a\" data-element_type=\"widget\" data-e-type=\"widget\" data-widget_type=\"heading.default\">\n\t\t\t\t\t<h3 class=\"elementor-heading-title elementor-size-default\">Estudio de interiorismo de lujo en Barcelona<\/h3>\t\t\t\t<\/div>\n\t\t\t\t<\/div>\n\t\t<div class=\"elementor-element elementor-element-8a146f4 e-con-full e-flex e-con e-child\" data-id=\"8a146f4\" data-element_type=\"container\" data-e-type=\"container\" data-settings=\"{&quot;background_background&quot;:&quot;classic&quot;}\">\n\t\t\t\t<div class=\"elementor-element elementor-element-87f37e9 elementor-widget elementor-widget-heading\" data-id=\"87f37e9\" data-element_type=\"widget\" data-e-type=\"widget\" data-widget_type=\"heading.default\">\n\t\t\t\t\t<h3 class=\"elementor-heading-title elementor-size-default\">Obra Nueva de lujo<\/h3>\t\t\t\t<\/div>\n\t\t\t\t<\/div>\n\t\t<div class=\"elementor-element elementor-element-61952d9 e-con-full e-flex e-con e-child\" data-id=\"61952d9\" data-element_type=\"container\" data-e-type=\"container\" data-settings=\"{&quot;background_background&quot;:&quot;classic&quot;}\">\n\t\t\t\t<div class=\"elementor-element elementor-element-3100a18 elementor-widget elementor-widget-heading\" data-id=\"3100a18\" data-element_type=\"widget\" data-e-type=\"widget\" data-widget_type=\"heading.default\">\n\t\t\t\t\t<h3 class=\"elementor-heading-title elementor-size-default\">Reformas Integrales<\/h3>\t\t\t\t<\/div>\n\t\t\t\t<\/div>\n\t\t<div class=\"elementor-element elementor-element-dae4e21 e-con-full e-flex e-con e-child\" data-id=\"dae4e21\" data-element_type=\"container\" data-e-type=\"container\" data-settings=\"{&quot;background_background&quot;:&quot;classic&quot;}\">\n\t\t\t\t<div class=\"elementor-element elementor-element-bbc68f7 elementor-widget elementor-widget-heading\" data-id=\"bbc68f7\" data-element_type=\"widget\" data-e-type=\"widget\" data-widget_type=\"heading.default\">\n\t\t\t\t\t<h3 class=\"elementor-heading-title elementor-size-default\">Rehabilitaci\u00f3n de fachadas en Catalu\u00f1a<\/h3>\t\t\t\t<\/div>\n\t\t\t\t<\/div>\n\t\t\t\t<\/div>\n\t\t<div class=\"elementor-element elementor-element-209256f e-con-full e-flex e-con e-child\" data-id=\"209256f\" data-element_type=\"container\" data-e-type=\"container\">\n\t\t<div class=\"elementor-element elementor-element-de35999 e-con-full e-flex e-con e-child\" data-id=\"de35999\" data-element_type=\"container\" data-e-type=\"container\" data-settings=\"{&quot;background_background&quot;:&quot;classic&quot;}\">\n\t\t\t\t<div class=\"elementor-element elementor-element-0c6a776 elementor-widget elementor-widget-heading\" data-id=\"0c6a776\" data-element_type=\"widget\" data-e-type=\"widget\" data-widget_type=\"heading.default\">\n\t\t\t\t\t<h3 class=\"elementor-heading-title elementor-size-default\">Estudio de interiorismo de lujo en Barcelona<\/h3>\t\t\t\t<\/div>\n\t\t\t\t<\/div>\n\t\t<div class=\"elementor-element elementor-element-f13a344 e-con-full e-flex e-con e-child\" data-id=\"f13a344\" data-element_type=\"container\" data-e-type=\"container\" data-settings=\"{&quot;background_background&quot;:&quot;classic&quot;}\">\n\t\t\t\t<\/div>\n\t\t<div class=\"elementor-element elementor-element-df020d8 e-con-full e-flex e-con e-child\" data-id=\"df020d8\" data-element_type=\"container\" data-e-type=\"container\" data-settings=\"{&quot;background_background&quot;:&quot;classic&quot;}\">\n\t\t\t\t<\/div>\n\t\t<div class=\"elementor-element elementor-element-87cdcda e-con-full e-flex e-con e-child\" data-id=\"87cdcda\" data-element_type=\"container\" data-e-type=\"container\" data-settings=\"{&quot;background_background&quot;:&quot;classic&quot;}\">\n\t\t\t\t<\/div>\n\t\t\t\t<\/div>\n\t\t\t\t\t<\/div>\n\t\t\t\t<\/div>\n\t\t\t\t<\/div>\n\t\t<div class=\"elementor-element elementor-element-b8bc33d e-con-full e-flex e-con e-parent\" data-id=\"b8bc33d\" data-element_type=\"container\" data-e-type=\"container\" data-settings=\"{&quot;background_background&quot;:&quot;classic&quot;}\">\n\t\t<div class=\"elementor-element elementor-element-99c829f e-flex e-con-boxed e-con e-child\" data-id=\"99c829f\" data-element_type=\"container\" data-e-type=\"container\">\n\t\t\t\t\t<div class=\"e-con-inner\">\n\t\t\t\t<div class=\"elementor-element elementor-element-f6816fa elementor-widget elementor-widget-heading\" data-id=\"f6816fa\" data-element_type=\"widget\" data-e-type=\"widget\" data-widget_type=\"heading.default\">\n\t\t\t\t\t<h2 class=\"elementor-heading-title elementor-size-default\">Nuestras certificaciones<\/h2>\t\t\t\t<\/div>\n\t\t\t\t<div class=\"elementor-element elementor-element-984b158 elementor-widget elementor-widget-text-editor\" data-id=\"984b158\" data-element_type=\"widget\" data-e-type=\"widget\" data-widget_type=\"text-editor.default\">\n\t\t\t\t\t\t\t\t\t<p>Conoce las certificaciones que respaldan nuestra calidad y profesionalidad<\/p>\t\t\t\t\t\t\t\t<\/div>\n\t\t<div class=\"elementor-element elementor-element-711d64b e-con-full e-flex e-con e-child\" data-id=\"711d64b\" data-element_type=\"container\" data-e-type=\"container\">\n\t\t\t\t<\/div>\n\t\t\t\t\t<\/div>\n\t\t\t\t<\/div>\n\t\t\t\t<\/div>\n\t\t\t\t<\/div>\n\t\t","protected":false},"excerpt":{"rendered":"<p>Proyectos inmobiliarios de lujo Especialistas en construcci\u00f3n, rehabilitaci\u00f3n y reformas integrales con m\u00e1s de 15 a\u00f1os de experiencia Pide Presupuesto Reformas de alto standing en Catalu\u00f1a: el arte de reinterpretar el home living Barcelona y Catalu\u00f1a han experimentado una evoluci\u00f3n constante en el panorama de la arquitectura residencial y comercial, marcando tendencia en la demanda [&hellip;]<\/p>\n","protected":false},"author":2,"featured_media":0,"parent":0,"menu_order":0,"comment_status":"open","ping_status":"closed","template":"elementor_header_footer","meta":{"footnotes":""},"class_list":["post-9","page","type-page","status-publish","hentry"],"yoast_head":"<!-- This site is optimized with the Yoast SEO plugin v27.4 - https:\/\/yoast.com\/product\/yoast-seo-wordpress\/ -->\n<title>Home - bauspazio<\/title>\n<meta name=\"robots\" content=\"index, follow, max-snippet:-1, max-image-preview:large, max-video-preview:-1\" \/>\n<link rel=\"canonical\" href=\"https:\/\/bauspazio.santisomarketing.com\/\" \/>\n<meta property=\"og:locale\" content=\"es_ES\" \/>\n<meta property=\"og:type\" content=\"article\" \/>\n<meta property=\"og:title\" content=\"Home - bauspazio\" \/>\n<meta property=\"og:description\" content=\"Proyectos inmobiliarios de lujo Especialistas en construcci\u00f3n, rehabilitaci\u00f3n y reformas integrales con m\u00e1s de 15 a\u00f1os de experiencia Pide Presupuesto Reformas de alto standing en Catalu\u00f1a: el arte de reinterpretar el home living Barcelona y Catalu\u00f1a han experimentado una evoluci\u00f3n constante en el panorama de la arquitectura residencial y comercial, marcando tendencia en la demanda [&hellip;]\" \/>\n<meta property=\"og:url\" content=\"https:\/\/bauspazio.santisomarketing.com\/\" \/>\n<meta property=\"og:site_name\" content=\"bauspazio\" \/>\n<meta property=\"article:modified_time\" content=\"2026-04-14T20:29:43+00:00\" \/>\n<meta name=\"twitter:card\" content=\"summary_large_image\" \/>\n<meta name=\"twitter:label1\" content=\"Tiempo de lectura\" \/>\n\t<meta name=\"twitter:data1\" content=\"2 minutos\" \/>\n<script type=\"application\/ld+json\" class=\"yoast-schema-graph\">{\"@context\":\"https:\\\/\\\/schema.org\",\"@graph\":[{\"@type\":\"WebPage\",\"@id\":\"https:\\\/\\\/bauspazio.santisomarketing.com\\\/\",\"url\":\"https:\\\/\\\/bauspazio.santisomarketing.com\\\/\",\"name\":\"Home - bauspazio\",\"isPartOf\":{\"@id\":\"https:\\\/\\\/bauspazio.santisomarketing.com\\\/#website\"},\"datePublished\":\"2026-04-14T13:47:53+00:00\",\"dateModified\":\"2026-04-14T20:29:43+00:00\",\"breadcrumb\":{\"@id\":\"https:\\\/\\\/bauspazio.santisomarketing.com\\\/#breadcrumb\"},\"inLanguage\":\"es\",\"potentialAction\":[{\"@type\":\"ReadAction\",\"target\":[\"https:\\\/\\\/bauspazio.santisomarketing.com\\\/\"]}]},{\"@type\":\"BreadcrumbList\",\"@id\":\"https:\\\/\\\/bauspazio.santisomarketing.com\\\/#breadcrumb\",\"itemListElement\":[{\"@type\":\"ListItem\",\"position\":1,\"name\":\"Portada\",\"item\":\"https:\\\/\\\/bauspazio.santisomarketing.com\\\/\"},{\"@type\":\"ListItem\",\"position\":2,\"name\":\"Home\"}]},{\"@type\":\"WebSite\",\"@id\":\"https:\\\/\\\/bauspazio.santisomarketing.com\\\/#website\",\"url\":\"https:\\\/\\\/bauspazio.santisomarketing.com\\\/\",\"name\":\"bauspazio\",\"description\":\"\",\"potentialAction\":[{\"@type\":\"SearchAction\",\"target\":{\"@type\":\"EntryPoint\",\"urlTemplate\":\"https:\\\/\\\/bauspazio.santisomarketing.com\\\/?s={search_term_string}\"},\"query-input\":{\"@type\":\"PropertyValueSpecification\",\"valueRequired\":true,\"valueName\":\"search_term_string\"}}],\"inLanguage\":\"es\"}]}<\/script>\n<!-- \/ Yoast SEO plugin. -->","yoast_head_json":{"title":"Home - bauspazio","robots":{"index":"index","follow":"follow","max-snippet":"max-snippet:-1","max-image-preview":"max-image-preview:large","max-video-preview":"max-video-preview:-1"},"canonical":"https:\/\/bauspazio.santisomarketing.com\/","og_locale":"es_ES","og_type":"article","og_title":"Home - bauspazio","og_description":"Proyectos inmobiliarios de lujo Especialistas en construcci\u00f3n, rehabilitaci\u00f3n y reformas integrales con m\u00e1s de 15 a\u00f1os de experiencia Pide Presupuesto Reformas de alto standing en Catalu\u00f1a: el arte de reinterpretar el home living Barcelona y Catalu\u00f1a han experimentado una evoluci\u00f3n constante en el panorama de la arquitectura residencial y comercial, marcando tendencia en la demanda [&hellip;]","og_url":"https:\/\/bauspazio.santisomarketing.com\/","og_site_name":"bauspazio","article_modified_time":"2026-04-14T20:29:43+00:00","twitter_card":"summary_large_image","twitter_misc":{"Tiempo de lectura":"2 minutos"},"schema":{"@context":"https:\/\/schema.org","@graph":[{"@type":"WebPage","@id":"https:\/\/bauspazio.santisomarketing.com\/","url":"https:\/\/bauspazio.santisomarketing.com\/","name":"Home - bauspazio","isPartOf":{"@id":"https:\/\/bauspazio.santisomarketing.com\/#website"},"datePublished":"2026-04-14T13:47:53+00:00","dateModified":"2026-04-14T20:29:43+00:00","breadcrumb":{"@id":"https:\/\/bauspazio.santisomarketing.com\/#breadcrumb"},"inLanguage":"es","potentialAction":[{"@type":"ReadAction","target":["https:\/\/bauspazio.santisomarketing.com\/"]}]},{"@type":"BreadcrumbList","@id":"https:\/\/bauspazio.santisomarketing.com\/#breadcrumb","itemListElement":[{"@type":"ListItem","position":1,"name":"Portada","item":"https:\/\/bauspazio.santisomarketing.com\/"},{"@type":"ListItem","position":2,"name":"Home"}]},{"@type":"WebSite","@id":"https:\/\/bauspazio.santisomarketing.com\/#website","url":"https:\/\/bauspazio.santisomarketing.com\/","name":"bauspazio","description":"","potentialAction":[{"@type":"SearchAction","target":{"@type":"EntryPoint","urlTemplate":"https:\/\/bauspazio.santisomarketing.com\/?s={search_term_string}"},"query-input":{"@type":"PropertyValueSpecification","valueRequired":true,"valueName":"search_term_string"}}],"inLanguage":"es"}]}},"_links":{"self":[{"href":"https:\/\/bauspazio.santisomarketing.com\/index.php?rest_route=\/wp\/v2\/pages\/9","targetHints":{"allow":["GET"]}}],"collection":[{"href":"https:\/\/bauspazio.santisomarketing.com\/index.php?rest_route=\/wp\/v2\/pages"}],"about":[{"href":"https:\/\/bauspazio.santisomarketing.com\/index.php?rest_route=\/wp\/v2\/types\/page"}],"author":[{"embeddable":true,"href":"https:\/\/bauspazio.santisomarketing.com\/index.php?rest_route=\/wp\/v2\/users\/2"}],"replies":[{"embeddable":true,"href":"https:\/\/bauspazio.santisomarketing.com\/index.php?rest_route=%2Fwp%2Fv2%2Fcomments&post=9"}],"version-history":[{"count":44,"href":"https:\/\/bauspazio.santisomarketing.com\/index.php?rest_route=\/wp\/v2\/pages\/9\/revisions"}],"predecessor-version":[{"id":92,"href":"https:\/\/bauspazio.santisomarketing.com\/index.php?rest_route=\/wp\/v2\/pages\/9\/revisions\/92"}],"wp:attachment":[{"href":"https:\/\/bauspazio.santisomarketing.com\/index.php?rest_route=%2Fwp%2Fv2%2Fmedia&parent=9"}],"curies":[{"name":"wp","href":"https:\/\/api.w.org\/{rel}","templated":true}]}}